{"id":133,"date":"2021-07-08T13:21:32","date_gmt":"2021-07-08T11:21:32","guid":{"rendered":"https:\/\/dev.guenter-ott.de\/?page_id=133"},"modified":"2024-08-08T18:11:57","modified_gmt":"2024-08-08T16:11:57","slug":"online-bewerbung","status":"publish","type":"page","link":"https:\/\/guenter-ott.de\/index.php\/online-bewerbung\/","title":{"rendered":"Online-Bewerbung"},"content":{"rendered":"<section  class='av_textblock_section av-kqutjvxz-9c643f5049fe55c3f6520c88efba24d3 '  itemscope=\"itemscope\" itemtype=\"https:\/\/schema.org\/CreativeWork\" ><div class='avia_textblock '  itemprop=\"text\" ><h1>Ich bewerbe mich online<\/h1>\n<h3>Wir freuen uns auf Sie!<\/h3>\n<\/div><\/section>\n<form action=\"https:\/\/guenter-ott.de\/index.php\/online-bewerbung\/\" method=\"post\"  class=\"avia_ajax_form av-form-labels-visible   avia-builder-el-1  el_after_av_textblock  el_before_av_textblock   \" data-avia-form-id=\"1\" data-avia-redirect='' ><h3 class=''>Senden Sie uns eine E-Mail<\/h3><fieldset><p class='  first_form  form_element form_fullwidth' id='element_avia_1_1'><label for=\"avia_1_1\">Um diese Stelle bewerbe ich mich: <abbr class=\"required\" title=\"ben\u00f6tigt\">*<\/abbr><\/label><select  name=\"avia_1_1\" class=\"select is_empty\" id=\"avia_1_1\"><option  value ='bitte w\u00e4hlen Sie'>bitte w\u00e4hlen Sie<\/option><option  value ='Reinigungskraft (w\/m\/d)'>Reinigungskraft (w\/m\/d)<\/option><option  value ='Objektleitung (w\/m\/d)'>Objektleitung (w\/m\/d)<\/option><option  value ='Geb\u00e4udereiniger (w\/m\/d)'>Geb\u00e4udereiniger (w\/m\/d)<\/option><option  value ='Glasreiniger (w\/m\/d)'>Glasreiniger (w\/m\/d)<\/option><option  value ='Ausbildung zum Geb\u00e4udereiniger (w\/m\/d)'>Ausbildung zum Geb\u00e4udereiniger (w\/m\/d)<\/option><option  value ='Ausbildung zur Kauffrau f\u00fcr B\u00fcromanagement (w\/m\/d)'>Ausbildung zur Kauffrau f\u00fcr B\u00fcromanagement (w\/m\/d)<\/option><\/select><\/p><p class='  first_form  form_element form_fullwidth' id='element_avia_2_1'><label for=\"avia_2_1\">Anrede <abbr class=\"required\" title=\"ben\u00f6tigt\">*<\/abbr><\/label><select  name=\"avia_2_1\" class=\"select is_empty\" id=\"avia_2_1\"><option  value ='Frau'>Frau<\/option><option  value ='Herr'>Herr<\/option><option  value ='Divers'>Divers<\/option><\/select><\/p><p class='  first_form  form_element form_element_half' id='element_avia_3_1'><label for=\"avia_3_1\">Vorname <abbr class=\"required\" title=\"ben\u00f6tigt\">*<\/abbr><\/label> <input name=\"avia_3_1\" class=\"text_input is_empty\" type=\"text\" id=\"avia_3_1\" value=\"\" \/><\/p><p class='  form_element form_element_half' id='element_avia_4_1'><label for=\"avia_4_1\">Nachname <abbr class=\"required\" title=\"ben\u00f6tigt\">*<\/abbr><\/label> <input name=\"avia_4_1\" class=\"text_input is_empty\" type=\"text\" id=\"avia_4_1\" value=\"\" \/><\/p><p class='  first_form  form_element form_element_half' id='element_avia_5_1'><label for=\"avia_5_1\">Strasse <abbr class=\"required\" title=\"ben\u00f6tigt\">*<\/abbr><\/label> <input name=\"avia_5_1\" class=\"text_input is_empty\" type=\"text\" id=\"avia_5_1\" value=\"\" \/><\/p><p class='  form_element form_element_half' id='element_avia_6_1'><label for=\"avia_6_1\">PLZ und Ort <abbr class=\"required\" title=\"ben\u00f6tigt\">*<\/abbr><\/label> <input name=\"avia_6_1\" class=\"text_input is_empty\" type=\"text\" id=\"avia_6_1\" value=\"\" \/><\/p><p class='  first_form  form_element form_element_half' id='element_avia_7_1'><label for=\"avia_7_1\">Telefon <abbr class=\"required\" title=\"ben\u00f6tigt\">*<\/abbr><\/label> <input name=\"avia_7_1\" class=\"text_input is_phone\" type=\"text\" id=\"avia_7_1\" value=\"\" \/><\/p><p class='  form_element form_element_half' id='element_avia_8_1'><label for=\"avia_8_1\">E-Mail <abbr class=\"required\" title=\"ben\u00f6tigt\">*<\/abbr><\/label> <input name=\"avia_8_1\" class=\"text_input is_ext_email\" type=\"text\" id=\"avia_8_1\" value=\"\" \/><\/p><p class='  first_form  form_element form_element_half' id='element_avia_9_1'><label for=\"avia_9_1\">Geburtsdatum <abbr class=\"required\" title=\"ben\u00f6tigt\">*<\/abbr><\/label> <input name=\"avia_9_1\" class=\"text_input is_empty\" type=\"text\" id=\"avia_9_1\" value=\"\" \/><\/p><p class='  form_element form_element_half' id='element_avia_10_1'><label for=\"avia_10_1\">Geburtsort<\/label> <input name=\"avia_10_1\" class=\"text_input \" type=\"text\" id=\"avia_10_1\" value=\"\" \/><\/p><p class='  first_form  form_element form_element_half' id='element_avia_11_1'><label for=\"avia_11_1\">Berufserfahrung <abbr class=\"required\" title=\"ben\u00f6tigt\">*<\/abbr><\/label><select  name=\"avia_11_1\" class=\"select is_empty\" id=\"avia_11_1\"><option  value ='bitte w\u00e4hlen Sie'>bitte w\u00e4hlen Sie<\/option><option  value ='keine'>keine<\/option><option  value ='1-2 Jahre'>1-2 Jahre<\/option><option  value ='mehr als 2 Jahre'>mehr als 2 Jahre<\/option><\/select><\/p><p class='  form_element form_element_half' id='element_avia_12_1'><label for=\"avia_12_1\">Besch\u00e4ftigungsart <abbr class=\"required\" title=\"ben\u00f6tigt\">*<\/abbr><\/label><select  name=\"avia_12_1\" class=\"select is_empty\" id=\"avia_12_1\"><option  value ='bitte w\u00e4hlen Sie'>bitte w\u00e4hlen Sie<\/option><option  value ='Sozialversicherungspflichtig teilzeit'>Sozialversicherungspflichtig teilzeit<\/option><option  value ='Sozialversicherungspflichtig vollzeit'>Sozialversicherungspflichtig vollzeit<\/option><option  value ='Geringf\u00fcgiges Besch\u00e4ftigungsverh\u00e4ltnis'>Geringf\u00fcgiges Besch\u00e4ftigungsverh\u00e4ltnis<\/option><\/select><\/p><p class='  first_form  form_element form_element_half' id='element_avia_13_1'><label for=\"avia_13_1\">PKW F\u00fchrerschein <abbr class=\"required\" title=\"ben\u00f6tigt\">*<\/abbr><\/label><select  name=\"avia_13_1\" class=\"select is_empty\" id=\"avia_13_1\"><option  value ='bitte w\u00e4hlen Sie'>bitte w\u00e4hlen Sie<\/option><option  value ='ja'>ja<\/option><option  value ='nein'>nein<\/option><\/select><\/p><p class='  form_element form_element_half' id='element_avia_14_1'><label for=\"avia_14_1\">M\u00f6glicher Eintrittstermin <abbr class=\"required\" title=\"ben\u00f6tigt\">*<\/abbr><\/label> <input name=\"avia_14_1\" class=\"text_input is_empty\" type=\"text\" id=\"avia_14_1\" value=\"\" \/><\/p><p class='  first_form  form_element form_fullwidth' id='element_avia_15_1'><label for=\"avia_15_1\" class=\"textare_label hidden textare_label_avia_15_1\">Ihre Nachricht<\/label><textarea  name=\"avia_15_1\" class=\"text_area \" cols=\"40\" rows=\"7\" id=\"avia_15_1\" ><\/textarea><\/p><p class='  first_form  form_element form_fullwidth av-last-visible-form-element' id='element_avia_16_1'><input  name=\"avia_16_1\" class=\"input_checkbox is_empty\" type=\"checkbox\" id=\"avia_16_1\" value=\"true\"\/><label class=\"input_checkbox_label\" for=\"avia_16_1\">Sie erkl\u00e4ren sich damit einverstanden, dass Ihre Daten zur Bearbeitung Ihres Anliegens verwendet werden. Informationen und Widerrufshinweise finden Sie unter \"Datenschutzerkl\u00e4rung\". <abbr class=\"required\" title=\"ben\u00f6tigt\">*<\/abbr><\/label><\/p><p class=\"hidden\"><input type=\"text\" name=\"avia_17_1\" class=\"hidden \" id=\"avia_17_1\" value=\"\" \/><\/p><p class=\"form_element \"><input type=\"hidden\" value=\"1\" name=\"avia_generated_form1\" \/><input type=\"submit\" value=\"Senden\" class=\"button\"  data-sending-label=\"Sende\"\/><\/p><\/fieldset><\/form><div id=\"ajaxresponse_1\" class=\"ajaxresponse ajaxresponse_1 hidden\"><\/div>\n<section  class='av_textblock_section av-kqutktmu-452f76806378f142d3993d3750fa44f8 '  itemscope=\"itemscope\" itemtype=\"https:\/\/schema.org\/CreativeWork\" ><div class='avia_textblock '  itemprop=\"text\" ><p>*\u00a0 sind Pflichtfelder<\/p>\n<p><a href=\"https:\/\/dev.guenter-ott.de\/wp-content\/uploads\/2021\/07\/Datenschutzhinweise-fuer-Bewerber.pdf\" target=\"_blank\" rel=\"noopener\">&gt;&gt; Datenschutzerkl\u00e4rung f\u00fcr Bewerber<\/a><\/p>\n<p><a href=\"https:\/\/dev.guenter-ott.de\/index.php\/datenschutz\/\" target=\"_blank\" rel=\"noopener\">&gt;&gt; Allgemeine Datenschutzerkl\u00e4rung<\/a><\/p>\n<\/div><\/section>\n","protected":false},"excerpt":{"rendered":"","protected":false},"author":1,"featured_media":0,"parent":0,"menu_order":0,"comment_status":"closed","ping_status":"closed","template":"","meta":{"footnotes":""},"class_list":["post-133","page","type-page","status-publish","hentry"],"_links":{"self":[{"href":"https:\/\/guenter-ott.de\/index.php\/wp-json\/wp\/v2\/pages\/133","targetHints":{"allow":["GET"]}}],"collection":[{"href":"https:\/\/guenter-ott.de\/index.php\/wp-json\/wp\/v2\/pages"}],"about":[{"href":"https:\/\/guenter-ott.de\/index.php\/wp-json\/wp\/v2\/types\/page"}],"author":[{"embeddable":true,"href":"https:\/\/guenter-ott.de\/index.php\/wp-json\/wp\/v2\/users\/1"}],"replies":[{"embeddable":true,"href":"https:\/\/guenter-ott.de\/index.php\/wp-json\/wp\/v2\/comments?post=133"}],"version-history":[{"count":16,"href":"https:\/\/guenter-ott.de\/index.php\/wp-json\/wp\/v2\/pages\/133\/revisions"}],"predecessor-version":[{"id":520,"href":"https:\/\/guenter-ott.de\/index.php\/wp-json\/wp\/v2\/pages\/133\/revisions\/520"}],"wp:attachment":[{"href":"https:\/\/guenter-ott.de\/index.php\/wp-json\/wp\/v2\/media?parent=133"}],"curies":[{"name":"wp","href":"https:\/\/api.w.org\/{rel}","templated":true}]}}